+ 10140 = 620. Let u = g - 637. Calculate the greatest common factor of 301 and u.
43
Let j be 2/8 - ((-333)/16)/(279/372). Suppose 0 = 2*o - 20 + 6. What is the highest common divisor of j and o?
7
Let v be 4/(-6) + 88/6. Suppose 4*c = 3*z - 15 - 40, 57 = 3*z - 3*c. What is the highest common divisor of v and z?
7
Suppose 174*z = 170*z + 4*a + 924, -15 = -5*a. Let u(f) = 13*f. Let m be u(2). What is the greatest common factor of m and z?
26
Suppose -60*m = -53*m - 287. Suppose 10019 = m*w + 1491. Calculate the greatest common divisor of w and 16.
16
Let s(g) = g**2 + 13*g - 25. Let y be s(4). What is the greatest common divisor of y and 3827?
43
Suppose 9*g = 24*g + 7*g - 16984. Calculate the highest common divisor of g and 16.
4
Let y(a) = 23*a + 2972. Let n be y(-107). What is the greatest common factor of n and 146?
73
Suppose 2100 = -17*h + 31*h. Let i be (160/14)/((-34)/(-595)). Calculate the highest common divisor of i and h.
50
Suppose -2*r + 1550 = 4*x, -2*x + 7*r - 4*r = -787. Suppose 5*n + 0*j - j - x = 0, 3*n - 247 = 4*j. What is the greatest common divisor of 88 and n?
11
Let c be 6970/(-22) + (-80)/440. Let o = c + 328. Let s be 0 + 33/(-2)*-2. Calculate the highest common factor of s and o.
11
Let o(g) = g**3 + 6*g**2 - g + 1. Let l be o(-6). Suppose 0 = -b + 248 - 42. Suppose b - 374 = -3*z. What is the highest common factor of z and l?
7
Suppose 35 = 3*w - 37. Let r(g) = g**2 - 8*g + 36. Let k be -1*5*180/(-50). Let p be r(k). What is the highest common factor of w and p?
24
Let d = 54217 - 22205. What is the highest common factor of 212 and d?
212
Let k = 151 - 260. Let b = k + 513. Suppose 5*f - b = -d, f - d + 323 = 5*f. Calculate the greatest common divisor of 27 and f.
27
Suppose -5*d = -4*d - 3*r - 16, -5*r = -25. Suppose o - d = -20. Calculate the highest common divisor of 33 and o.
11
Let a = 3822 + -3819. Suppose 2*w - 324 = -2*j - w, 3*j - 5*w = 524. Calculate the highest common factor of j and a.
3
Let p = -30 - -34. Suppose -3*h - p*g = 0, h - 3*g - g = 16. Calculate the highest common factor of 20 and h.
4
Let f be (-16)/36*27/(-6). Suppose -u = -3*m - 5, f*u - 15 = -0*m + 5*m. Suppose a = 5*h, 2*h + 1 = 3. Calculate the highest common factor of a and u.
5
Suppose -122*w = -61*w - 64*w + 282. What is the highest common divisor of w and 2021?
47
Suppose -21*m + 570 = -40*m. Let b be 1/3 - (-209)/3. Let v = m + b. What is the greatest common divisor of v and 40?
40
Suppose 134*m - 269*m - 87747 + 652317 = 0. Calculate the highest common factor of m and 2.
2
Let v = 286 + -58. Suppose -10*z + 106 = -134. What is the greatest common factor of v and z?
12
Suppose 57 = -2*f + 73. Calculate the highest common divisor of 1352 and f.
8
Suppose -30*l + 32*l + 32 = 5*f, -3*l = f - 3. What is the greatest common divisor of f and 278?
2
Suppose -3*c - 52 = -5*c. Suppose 27*p - c*p = -300. Let l = -124 - p. What is the highest common factor of 22 and l?
22
Suppose 4*v - 5*y = 5494, 5496 = 4*v - 8*y + 4*y. What is the greatest common divisor of 288 and v?
32
Suppose 294*l + 3250 = 359*l. What is the greatest common factor of 4225 and l?
25
Let m(u) = -6*u - 12. Let o be m(-3). Suppose 0 = i - c - 6, 3*i - o*c - 20 = -4*c. Calculate the highest common divisor of i and 88.
8
Let w = -108 + 161. Let y be w - (-3 - (-5 - 1)). What is the highest common factor of 40 and y?
10
Suppose 3*z - 223 = -2*f + 308, -3*f = 5*z - 794. What is the greatest common divisor of 975 and f?
39
Suppose 2*b = 10, 3*y + 246 = 4*b - 188. Let f = y - -250. Calculate the highest common factor of 48 and f.
16
Suppose 2*u = -a + 23, 3 = 4269*u - 4267*u + 5*a. What is the highest common divisor of 637 and u?
7
Let x(g) = 482*g - 921. Let u be x(3). Calculate the greatest common factor of u and 42.
21
Suppose 4*k - 3*u - 1005 + 14 = 0, 1245 = 5*k - 5*u. Let w = k - 224. Calculate the highest common factor of w and 15.
5
Let n be (89 + 9)/((-2)/(-1)). Suppose 6*v = 5*v + 3*b + n, b - 157 = -4*v. Calculate the greatest common divisor of v and 32.
8
Suppose -6*s - 36 = 0, -16 = -965*j + 964*j - s. Let w(r) = 2*r**2 + 3*r + 2. Let c be w(-4). What is the greatest common divisor of c and j?
22
Suppose -230*i + 557 = -4273. Suppose d - 92 = 5*d. Let x = 82 - d. What is the highest common divisor of i and x?
21
Let h(r) = -r**3 + 9*r**2 - r + 2484. Let b be h(0). What is the highest common divisor of 460 and b?
92
Suppose 18 - 174 = -39*x. What is the greatest common divisor of 4 and x?
4
Let n(o) = 3*o**2 - 12*o - 6. Suppose -g - 48 = 5*g. Let d be n(g). Let r = -97 + d. Calculate the greatest common divisor of r and 74.
37
Let i = 51512 + -51428. Suppose -28 = -a - a. What is the highest common factor of a and i?
14
Let c = -71 - -87. Let k = c - -8. Calculate the highest common divisor of k and 40.
8
Let l = -233 - -163. Let a = -1 - l. What is the greatest common divisor of 23 and a?
23
Let o(d) = -d**3 + 45*d**2 - 124*d - 156. Let f be o(41). What is the highest common factor of 56 and f?
28
Suppose q = -9 + 34. Suppose -14 = -u - 5*v, -13*v + q = -8*v. Let p = 24 + u. What is the highest common divisor of 78 and p?
13
Let g = -127 - -129. Suppose 5*f - g*a - 3*a - 85 = 0, -3*a + 3 = 0. Let i = -71 - -233. What is the greatest common factor of f and i?
18
Suppose 21 = -128*p + 125*p. Let x(l) = 2*l + 31. Let j be x(p). Let b be (17/(-3))/(1/(-9)). What is the highest common factor of b and j?
17
Suppose 5*p + 996 = 60*l - 57*l, -5*l - 4*p + 1660 = 0. What is the greatest common factor of l and 2241?
83
Let f = 8116 + -7588. Calculate the greatest common factor of 121 and f.
11
Suppose h + 3*y + 44 = -91, 0 = -h - y - 131. Let m = 199 + h. Calculate the highest common factor of 40 and m.
10
Suppose 3*n - 3*k + 65 = 389, 3*n - 289 = -4*k. What is the highest common factor of n and 309?
103
Let v be ((-444)/(-24))/(46/(-12) + 4). Calculate the highest common factor of 12 and v.
3
Let j be (10 - (-336)/(-60))/(1/20). Calculate the greatest common divisor of 44 and j.
44
Let c(r) = -6*r**3 + 32*r**2 - 11*r + 29. Let j be c(5). What is the greatest common divisor of j and 921?
3
Let d be (-6 + 690/40)/((-45)/(-72)). Let x = -41 - -352. Let g = x + -221. Calculate the highest common factor of d and g.
18
Let v(k) = -k**2 - 113 - 3*k - k + 107 - 2*k. Let r be v(-4). Calculate the greatest common factor of 11 and r.
1
Suppose 5 = -3*x + y + 16, -2*y - 10 = 0. Suppose -11*m + 36 = -x*m. Calculate the highest common divisor of m and 100.
4
Let u = 461 + -601. Let m be (-4)/((7/u)/1). What is the greatest common factor of 16 and m?
16
Let k(u) = -1262*u - 891. Let o be k(-6). What is the greatest common divisor of o and 153?
51
Let j(a) = a**3 + 42*a**2 + 118*a + 105. Let u be j(-39). Calculate the greatest common divisor of u and 174.
6
Let u be -1870*((-282)/30 + 4 + 5). Suppose -51*n - u = -73*n. Calculate the greatest common factor of 187 and n.
17
Suppose -5*r = 7*q - 2*q - 3500, -5*q + 2805 = 4*r. Let c = 698 - r. Calculate the highest common divisor of 81 and c.
3
Let y(h) = 186 - 71 - h - 99. Let s be y(-2). What is the highest common divisor of s and 558?
18
Suppose 28 = -2*r + 5*y + 3, -5*r = 3*y - 15. Suppose -2*c - 4*v + 732 = r, -c + 5*v - 115 = -516. What is the highest common divisor of c and 8?
8
Let g be 6/(-3)*(-18)/(-4). Let v = 12 + g. What is the greatest common factor of v and 7?
1
Let n = -97 + 84. Let r be 23 + n + (-4 - 1). Let f = 37 - 12. What is the greatest common factor of r and f?
5
Let a be 9/6*(-2)/(-1). Suppose 5 = a*v - 31. Suppose 107*u - 135*u + 448 = 0. What is the greatest common factor of u and v?
4
Suppose 0 = -3*d - 2*l + 305, 509 = 7*d - 2*d + 4*l. Calculate the highest common divisor of 4 and d.
1
Let s = -31269 + 31681. What is the greatest common divisor of s and 80?
4
Suppose -2*h - 1755 = -7*h. Let b(y) = -y**2 - 789*y - 7763. Let r be b(-10). Calculate the greatest common divisor of r and h.
27
Suppose -7*g = -25*g + 630. What is the highest common divisor of 2485 and g?
35
Suppose -2*n - g = -12, -7*n + g - 8 = -8*n. What is the highest common divisor of 932 and n?
4
Let h = 1523 - 1383. Calculate the highest common divisor of h and 5180.
140
Let r = 3729 - 3686. Calculate the greatest common divisor of 1892 and r.
43
L